 is the units digit of q?
2
Suppose -2*p = -96 - 110. What is the units digit of p?
3
Suppose 0 = -3*h - 5*c + 3, -h + 9 = -3*c - 6. Let f(g) be the second derivative of g**3/6 + g. What is the units digit of f(h)?
6
Suppose -13 = 3*f - 1. Let l be (22/8)/(1/f). Let a = l - -21. What is the tens digit of a?
1
Suppose -5*x - 79 - 141 = 0. What is the units digit of x/(-7) - 4/14?
6
Let c(k) = k**2 - k. Let m be c(-1). Let l be 1 - (0 - 0 - m). Suppose l*f + 3 - 9 = 0. What is the units digit of f?
2
Let o(l) = -12*l. Let k be o(-1). Let f = 20 - k. What is the units digit of f?
8
Let n(u) be the first derivative of 13*u**3/3 + 3*u**2/2 + 2*u - 2. Let w be n(-2). Suppose w = 4*v - v. What is the tens digit of v?
1
Suppose 3*y - 2*y - 4 = 0. Suppose -2*m = 5*n - 18, 2 = -y*n + 5*n + 2*m. Suppose -4*p + n*b = -0*b - 20, -b = -2*p + 9. What is the units digit of p?
4
Let r(w) be the first derivative of w**4/4 - 2*w**3 + w**2/2 - w + 1. Let v be r(6). Let l = v - -4. What is the units digit of l?
9
Let x be ((-12)/(-9))/((-2)/(-27)). Suppose 2*h - x = -0*h + j, 4*j + 12 = 2*h. What is the tens digit of h?
1
Suppose -2*x - 14 = -4*x. Suppose 0 = 2*k, 2*u + 4*k + 80 = x*u. What is the units digit of u?
6
Let m be (-27)/(-7) - (-3)/21. Let t = 3 + m. What is the units digit of t?
7
Suppose -t = 2*w - 0*t - 136, 0 = -2*w + t + 140. What is the tens digit of w?
6
Let p(r) be the first derivative of r**4/4 - 2*r**3 + r**2 + 5. Suppose -w + 12 = w. What is the tens digit of p(w)?
1
Let g be (-2)/(-11) - (-237)/(-33). Let u = g + 10. Let l = u - -7. What is the units digit of l?
0
Let a(j) = 3*j**2 - 2*j - 7. What is the tens digit of a(10)?
7
What is the tens digit of 5/(-2) + (-12903)/(-46)?
7
Let g(w) = -w**3 + 2*w**2 - 1. Let s(m) = m**3 - 3*m**2 - 4*m - 1. Let k be s(4). Let p be g(k). Let h(f) = 2*f**2 - 3*f + 2. What is the units digit of h(p)?
4
Let o = 69 + 171. What is the tens digit of o?
4
Let v(f) = -f**2 - 6*f - 5. Let g be v(-4). Suppose -4*d = -3*r - 0*d + 125, -3*r + 120 = -g*d. What is the units digit of r?
5
Let s be 14*-2*2/4. Let b(t) = -22*t**3 + 2*t + 1. Let a be b(-1). Let m = a + s. What is the units digit of m?
7
Let w be (-1)/1 - (1 - 1). Let l be 15/3 + w*1. What is the units digit of 1/4 - (-23)/l?
6
Suppose -2*b = 7*b - 513. What is the tens digit of b?
5
Suppose 5*s - s + 3*x = 139, 0 = -5*x + 5. What is the units digit of s?
4
Suppose 3*w + 5 = -2*w. Let x = 2 + w. What is the units digit of x?
1
Suppose -4*h + 2*h - 16 = -s, -17 = -2*s - h. Suppose -4*y + s = -2*y. Suppose -3*r + 7 + 26 = 3*l, 3*l - y*r - 25 = 0. What is the units digit of l?
0
Let l = 255 - 146. What is the tens digit of l?
0
Let k be 48/22 - (-26)/(-143). Suppose h - o - 19 = 2*o, k*h = 4*o + 48. What is the units digit of h?
4
Let m(t) be the second derivative of 7*t**5/5 - t**4/12 + t**3/6 - t**2/2 + 6*t. What is the units digit of m(1)?
7
Let i = 35 + -22. What is the tens digit of i?
1
What is the units digit of -4 - (-3 + -10 + -2)?
1
Let m = 7 - 4. Let p(t) = t**2 + 2 - 4 + 0*t + m*t. What is the units digit of p(-4)?
2
Suppose 0*n = n - 9. Suppose -j + 5*d = 10, -4*j + n = -j - 2*d. Suppose 4*l - j*l = -5. What is the units digit of l?
5
Let c = 0 + -2. Let q be (2/(-4))/(c/4). Suppose -f = -q - 9. What is the units digit of f?
0
Suppose -48 = -z - 0*z. Suppose -3*r = -2*g + z, r - 52 = -2*g + 2*r. Suppose 3*j - g = 6. What is the units digit of j?
1
Let a = 8 - 16. Let p = a - -9. What is the units digit of 15*(0 - (0 - p))?
5
Suppose k + 3*p = 3*k - 22, 0 = p + 4. Suppose 2*x = 5 + k. What is the units digit of x?
5
Let q be (-26*(-2 + 3))/2. Let o be q*4/(-2) - -2. What is the tens digit of (4/8)/(1/o)?
1
Suppose -5*u + 2*j = -141, -2*u + 4*u - 64 = -3*j. What is the tens digit of u?
2
Let m = 11 + -6. Suppose -2*w - 4*b + b + 26 = 0, m*w + 2*b = 87. What is the units digit of w?
9
Let f(h) = h**3 - 7*h**2 + h + 1. Suppose -u - 33 = -5*m, -u + 23 - 7 = 2*m. What is the units digit of f(m)?
8
Suppose 0*m + 30 = m. What is the tens digit of m?
3
Suppose -z + 2*z = 4*j - 8, 3*z = -4*j + 40. Let p = z + -6. Suppose b - p*b = -6. What is the units digit of b?
6
Let w(m) = m**2 + 2*m - 1. Let p be w(-3). Suppose -p*t = -3*o - 5, -2*t = o - 3*o - 6. What is the units digit of o/3 + (-64)/(-6)?
1
What is the hundreds digit of 5 + (-11830)/(-63) - 2/(-9)?
1
Let o = 66 + -22. Let n = o - -11. Suppose -n = -2*q - 2*q + 3*z, -q + 5*z + 35 = 0. What is the units digit of q?
0
Suppose 5*q + 10 = c - 12, -3*c + 10 = -q. Let w = -70 - -70. Suppose -c*x = -w*x - 2. What is the units digit of x?
1
Let d(l) = l**2 - 5*l - 6. Let h be d(6). Let a(s) be the first derivative of -s**2/2 + 6*s + 1. What is the units digit of a(h)?
6
Let i(d) = 1. Let b(q) = -2*q + 3. Let l(s) = -b(s) - i(s). Suppose -4*a + 21 = -a. What is the tens digit of l(a)?
1
Let z(k) = 11*k**3 + 2*k**2 - k. Let c be z(1). Let v(n) = c + n + 4 - n**3 - 5. What is the tens digit of v(0)?
1
Suppose 0 = 2*a, 3*u - 8 = -u + 4*a. Suppose -u*i + 0*x + 5*x = -66, -4*x - 85 = -3*i. What is the units digit of i?
3
What is the tens digit of 3/(-15) - (-922)/10?
9
Suppose 2*c - b - 4 = 0, 3*c + 4*b - 20 = -c. Let w(k) = -3*k + 1. Let o be w(c). Let j = -2 - o. What is the units digit of j?
6
Let g be 22 + -8 + -2 + 1. Suppose 3*m + 24 = 2*t, g - 39 = -t - 2*m. What is the units digit of t?
8
Suppose t + 0 - 2 = 0. Let i(a) = 7*a**2 - 3*a + 3. What is the tens digit of i(t)?
2
Let a(c) = -c**2 - 8*c - 9. Let x be a(-7). Let z be (x/(-2) - 2) + 3. Suppose 2*s + z = -p + 7, 4*s = -4*p + 16. What is the units digit of p?
3
Let z = 26 + -10. What is the tens digit of z?
1
Suppose 15*t - 5 = 14*t. What is the units digit of t?
5
Suppose 96 = 2*b + 2*b. Let y = -11 + b. What is the units digit of y?
3
Let r = 362 - 206. What is the units digit of r?
6
Let x = 13 + -11. What is the units digit of (-72)/45*(-30)/x?
4
What is the tens digit of (0 + -340)/(-5) + -1?
6
Suppose 3*b - 4*z = 144, -3*z - 43 = -4*b + 3*b. What is the units digit of b?
2
Let s be 1 + 0 - (3 + -1). Let f = s - -3. What is the units digit of f?
2
Let y be -1*(-2)/(-2)*-3. Suppose -y*t + t = -36. What is the tens digit of t?
1
Let j = 8 + -6. Suppose j*m - 5*m = -63. What is the units digit of m?
1
Let k(a) = a**2 - 5*a - 3. Let c be k(4). What is the units digit of (-2 - -1)*1 - c?
6
Let y(b) = -b**2 + 9*b + 10. Suppose 0 = 6*n - n - 50. Let c be y(n). Suppose c = 4*d - 4*k - 16, -5*d + k = 3*k - 34. What is the units digit of d?
6
Let d = 125 - 53. What is the units digit of d?
2
Let p = -60 - -120. What is the tens digit of p?
6
Let z = 2 - 0. Let q(h) = -8*h - 2*h**2 + 3*h**z - 7 + 2*h. What is the units digit of q(8)?
9
Let f(g) = g**3 + 6*g**2 - 3*g - 8. Let a be f(-6). Suppose -22 - a = -4*r. What is the units digit of r?
8
Let p = -6 + 10. Suppose 0 = -5*n - p*j + 2 + 52, -4*n = -j - 39. Suppose y - n = -0*y. What is the tens digit of y?
1
Let x(b) = 6*b**2 + 2*b. Let v be x(-2). Suppose 0 = 4*z - 8*z + v. Suppose k - z + 2 = 0. What is the units digit of k?
3
Let y(u) = u**2 + 6*u. Let k be y(-6). Let v be (k - -1 - 1)*1. Suppose v = a - 6 + 1. What is the units digit of a?
5
Let h be 1213/5 - (-2)/5. What is the units digit of h/12 + 4/(-16)?
0
Let m = 2 - 0. Let y be 3/(6/2)*0. Suppose k = c - y*k + 4, -5*k + 23 = -m*c. What is the units digit of c?
1
Suppose -4*c + 2*h = -58, c = 3*h - 1 + 23. Suppose 3*a + 5*b - b = 13, -4*a + c = b. Suppose a + 2 = l. What is the units digit of l?
5
Suppose -2*x + 22 - 756 = -5*z, z + 2*x = 154. What is the hundreds digit of z?
1
Let o be -3 - (-1 + 0) - -4. Suppose 6*l - 120 = o*l. What is the units digit of l/(-25)*(-11 + 1)?
2
Let u be (-3)/3*(-2 - 0). Suppose -u*z + 4 + 6 = 0. What is the units digit of z?
5
Let u = -1 + 6. Suppose -u*i + j = -7 - 25, 4*i + 5*j = 14. Suppose p = 4*g + 9, p - 2*g = 5 + i. What is the tens digit of p?
1
Suppose -2*a + 4*p - 19 - 1 = 0, -a + p - 10 = 0. What is the tens digit of 588/20 - (-4)/a?
2
Suppose n + n + 2 = 0, -3*n = -d + 42. What is the tens digit of d?
3
Let r(a) = a. Let u be r(-6). Let t be u/8 - 86/(-8). What is the units digit of 0 + (t - 2) + -2?
6
Suppose 4*b - 10 = 5*a + 24, -4*b - 5*a = -14. Let i be (-15)/b*(1 - 3). Let f(p) = p**3 - 5*p*